ulate the highest common divisor of 3199 and 12817936.
457
What is the highest common divisor of 48894 and 3223632?
1686
Calculate the greatest common factor of 1073100900 and 2095.
2095
What is the greatest common divisor of 375224 and 1968413?
1513
Calculate the highest common factor of 44389152 and 2133.
711
Calculate the greatest common divisor of 1104742 and 223.
223
Calculate the highest common divisor of 26030 and 9050.
10
Calculate the highest common divisor of 53716650 and 22005.
2445
Calculate the highest common factor of 9513727 and 170.
17
Calculate the highest common divisor of 144186 and 15681944.
6866
Calculate the greatest common factor of 1856283072 and 4032.
1344
Calculate the greatest common divisor of 1218828 and 16731.
507
What is the greatest common divisor of 3028205 and 10?
5
What is the greatest common divisor of 211414 and 14?
14
What is the highest common factor of 2379539 and 26564?
229
Calculate the highest common factor of 60 and 22610460.
60
Calculate the highest common factor of 27 and 5005345.
1
Calculate the greatest common factor of 24810368 and 1340.
268
What is the highest common factor of 11289 and 131811?
159
Calculate the highest common divisor of 20285673 and 228.
57
Calculate the highest common factor of 2551108 and 5728.
716
What is the greatest common factor of 7104 and 277248?
192
What is the highest common factor of 9618 and 1081338?
1374
Calculate the highest common divisor of 47588866 and 104.
26
Calculate the greatest common factor of 260386938 and 126.
126
What is the greatest common factor of 709874 and 118654?
82
What is the greatest common divisor of 4576 and 64900264?
1144
What is the greatest common factor of 212952 and 1102?
38
What is the greatest common divisor of 351 and 9113?
13
What is the highest common factor of 10769 and 113377?
121
What is the greatest common divisor of 208917 and 4523616?
1251
Calculate the greatest common divisor of 110806 and 1530.
34
Calculate the greatest common factor of 710 and 544490.
10
Calculate the greatest common divisor of 1071 and 1261043.
119
What is the greatest common divisor of 4974304 and 9526?
866
Calculate the highest common divisor of 186 and 2513759.
31
What is the highest common divisor of 86490043 and 4449?
1483
What is the greatest common divisor of 200590 and 14365?
65
Calculate the greatest common divisor of 1844110100 and 3675.
1225
Calculate the greatest common factor of 210 and 7002870.
210
What is the greatest common factor of 1462659 and 174625?
1397
What is the highest common factor of 7640 and 7251315?
955
What is the greatest common divisor of 382 and 509195686?
382
Calculate the greatest common factor of 126602320 and 494.
494
Calculate the greatest common divisor of 6 and 1066287000.
6
What is the greatest common factor of 493 and 194474?
29
Calculate the greatest common divisor of 256 and 351322880.
256
What is the greatest common factor of 254640 and 1650?
30
What is the greatest common divisor of 3309848 and 17384?
328
What is the greatest common factor of 44174 and 122252?
26
What is the highest common divisor of 31725 and 44207730?
2115
Calculate the highest common divisor of 403956 and 360.
36
Calculate the highest common divisor of 1128730064 and 132.
44
What is the highest common factor of 2450 and 40551175?
1225
What is the highest common factor of 1110 and 46754680?
370
Calculate the highest common factor of 37125 and 19743075.
7425
What is the greatest common factor of 126 and 8622873?
63
What is the greatest common factor of 1161 and 72888139?
43
What is the highest common factor of 12191368 and 47908?
812
Calculate the greatest common factor of 285918508 and 14232.
2372
What is the highest common divisor of 14 and 6664679?
7
What is the greatest common divisor of 22675 and 49975?
25
What is the greatest common divisor of 4 and 423026?
2
What is the highest common divisor of 1426221 and 179389?
523
What is the highest common divisor of 7096360 and 200?
40
Calculate the greatest common divisor of 317534 and 2590.
518
What is the highest common divisor of 1299068997 and 3?
3
What is the greatest common divisor of 31 and 284325273?
31
What is the highest common factor of 41 and 533700731?
41
Calculate the greatest common divisor of 12305665 and 2540.
635
What is the greatest common factor of 527039728 and 32?
16
What is the greatest common factor of 27140047 and 22?
11
What is the greatest common factor of 40147314 and 30?
6
What is the greatest common factor of 2801 and 4277?
1
What is the highest common divisor of 21 and 8301489?
21
What is the greatest common divisor of 12752 and 2144?
16
What is the greatest common factor of 6979379 and 8393?
1199
What is the greatest common factor of 508 and 122778139?
127
Calculate the highest common divisor of 78 and 133405298.
26
What is the highest common divisor of 1444120 and 9559?
79
Calculate the greatest common factor of 21 and 791180859.
21
Calculate the highest common divisor of 1574 and 40214913.
787
Calculate the greatest common divisor of 23154651 and 2628.
657
Calculate the greatest common divisor of 817 and 30014.
43
What is the highest common factor of 61 and 110056?
1
What is the highest common factor of 94047421 and 26?
13
What is the greatest common divisor of 1199 and 1544950?
11
Calculate the greatest common divisor of 25676662 and 26694.
2966
Calculate the greatest common factor of 4468 and 15519598.
2234
What is the highest common factor of 2701 and 6724906?
73
What is the highest common factor of 6864301 and 57?
19
What is the highest common divisor of 306656 and 3584?
224
Calculate the greatest common divisor of 24 and 16719.
3
Calculate the greatest common factor of 3896 and 11644657.
487
What is the greatest common factor of 296164 and 93599?
1397
What is the greatest common divisor of 114141405 and 336?
21
Calculate the highest common divisor of 6780606 and 2204.
1102
Calculate the greatest common factor of 184 and 28057516.
92
Calculate the greatest common factor of 98 and 420574399.
49
What is the highest common factor of 9886 and 1976063110?
9886
Calculate the highest common divisor of 72120 and 120184374.
3606
What is the highest common factor of 61 and 82250753?
61
Calculate the greatest common factor of 36159 and 15622106.
709
What is the highest common factor of 2582634 and 17208?
1434
Calculate the highest common divisor of 144 and 661.
1
Calculate the greatest common divisor of 156238104 and 584.
584
Calculate the highest common divisor of 26714 and 5107406.
74
What is the highest common divisor of 5505993 and 6633?
603
Calculate the highest common factor of 1237502 and 98938.
518
Calculate the highest common divisor of 8898 and 656936374.
2966
What is the highest common factor of 3320 and 1106371740?
1660
What is the greatest common divisor of 616 and 278731376?
616
What is the highest common factor of 46 and 25204481?
23
What is the greatest common factor of 282975 and 55440?
1155
What is the highest common factor of 760315 and 40?
5
What is the highest common divisor of 142134572 and 184?
92
What is the highest common divisor of 109154 and 5464?
2
Calculate the greatest common divisor of 470 and 1414982.
94
Calculate the greatest common factor of 1149390 and 3693195.
4455
Calculate the greatest common divisor of 5148 and 3308292.
468
Calculate the highest common divisor of 10290487 and 1.
1
What is the greatest common divisor of 78225 and 50295?
105
What is the highest common factor of 546 and 582899954?
182
What is the highest common factor of 77421 and 343482?
393
What is the highest common factor of 924692 and 304?
76
What is the greatest common divisor of 106981951 and 589?
19
What is the highest common factor of 124227 and 117132?
129
What is the highest common factor of 1736 and 43904308?
868
Calculate the highest common factor of 3322 and 87420091.
1661
Calculate the highest common divisor of 791 and 504884.
113
What is the greatest common factor of 77823 and 111?
3
What is the highest common divisor of 66264 and 38412?
132
What is the greatest common divisor of 40 and 84090040?
40
Calculate the highest common factor of 7279 and 5481.
29
Calculate the greatest common divisor of 4356 and 6917382.
18
What is the highest common f